11?
-7
-8 + -2 + 11 - -3
4
What is the value of 1 + 5 + -6 + -1?
-1
Evaluate -48 - -46 - (-6 - 0).
4
Evaluate -7 + 8 + (-3 - 1) - -2.
-1
What is -3 + 4 + (0 - (14 + -6))?
-7
Evaluate (-1 - (5 + -12 + 5)) + 0.
1
Evaluate -8 + (-1 + 2 - (-9 + 10)).
-8
1 + 4 + -12 + 3 + 3
-1
What is (-2 + 5 - -3) + -9?
-3
(2 + 1 - (9 + -1)) + 9
4
What is the value of -2 + 0 + (-3 - -6)?
1
Calculate 9 - (16 + 2) - -15.
6
What is the value of 0 + 0 + 15 + -7 + -15?
-7
Evaluate 10 + -3 + -5 + -1.
1
-5 + 2 + -2 + 9 + 0
4
Calculate -4 + (-2 - 0) + 5 + 0.
-1
What is the value of 6 - (15 - (1 - -1 - 0))?
-7
What is the value of -2 - (1 + 3 - 3)?
-3
Evaluate 1 + 1 - (7 + -1).
-4
What is the value of 3 - 2 - 6 - -6?
1
Evaluate -5 - (6 - 0 - 1 - 4).
-6
Calculate (12 - 9 - 6) + (1 - -4).
2
Evaluate (-15 - -4) + (8 - -10).
7
Calculate 1 - (-1 + (-7 - -4)).
5
What is the value of 14 - (-3 - (2 - 8) - -3)?
8
Calculate -12 - ((-2 - 8) + 2).
-4
-1 - (11 - (15 - 7))
-4
Evaluate (-4 - (-9 - -2)) + (-3 - -6).
6
Calculate -17 - -8 - -9 - 6.
-6
What is -8 + (-10 - (-12 + -8))?
2
Evaluate -20 + 10 + -1 - -3.
-8
What is -6 - -3 - (7 - 15)?
5
What is the value of (-6 - -3 - 0) + 4?
1
What is the value of -4 - -10 - (3 + -2)?
5
Calculate (-9 - -17) + (-14 - -5).
-1
3 - (0 - -5) - -5
3
Calculate (9 - 7 - 4) + 8.
6
What is the value of -6 - (9 - 1 - 19) - -4?
9
What is -16 + 10 + -2 + 6?
-2
Calculate 1 + (1 - (11 + -4 - 3)).
-2
What is the value of -1 + -4 - (2 - 9)?
2
Evaluate 0 + 2 + -84 + 83.
1
Evaluate -3 + 1 - (-5 + 1).
2
Calculate -1 + -5 + -5 + 15.
4
5 + (5 - 5) - 10
-5
Calculate -28 - -19 - (-7 + 2).
-4
Calculate (-4 - -2) + -6 + (-6 - -12).
-2
What is the value of (-19 - -17) + (3 - 0)?
1
Calculate -6 - (-4 + -2 + 0).
0
What is -7 - (-1 + 6 - 11) - 5?
-6
(0 - -1) + -1 + (3 - -1)
4
Evaluate 23 + -25 - (-6 - -2).
2
What is the value of 0 + (2 - 1) + -2 + -2?
-3
What is 5 + 1 + -2 + -2?
2
2 + (-4 - -5) + 1
4
Evaluate -7 + (-4 - -5 - -2) + -3.
-7
Calculate -14 + (-2 - (6 + -16)).
-6
Evaluate (-77 - -76) + (-7 - 0) + 17.
9
Calculate 2 - 1 - (-15 + 14).
2
What is (2 - 4) + (-3 - (4 - 7))?
-2
Calculate 18 - ((9 - 3) + 3).
9
What is -6 - (4 + -12) - (0 + -1)?
3
10 + -6 + 2 + -4
2
Calculate 3 + (0 - -3) + -1 - 1.
4
What is -2 + -5 + 10 - 1?
2
(6 - (3 + 2)) + -1 + -3
-3
What is the value of -1 - (0 + -10 + 5)?
4
2 + 1 + (15 - 16)
2
Calculate 0 + (-8 + 12 - -5 - 2).
7
What is the value of (1 - 6) + (-14 - -17) + 0?
-2
-24 - -30 - (0 + (-1 - -1))
6
Evaluate 2 - ((-3 - 1) + 3 + 3).
0
Calculate (-6 - -6) + 4 - 7.
-3
-3 - ((0 - 0) + (-17 - -21))
-7
What is the value of (-4 - -6) + -3 + 5?
4
(0 + 1 - 2) + -2
-3
What is the value of 2 + -8 + -2 + 42 + -38?
-4
Calculate -2 + -2 + (0 - 0) + 8.
4
Calculate 6 + -1 + 20 + -20.
5
What is the value of -1 + 0 + 2 + 10 + -10?
1
What is -6 - (0 + -11 + 10)?
-5
What is the value of 1 - 0 - -9 - 4?
6
-4 - -7 - 3 - -4 - 3
1
Calculate 52 + -52 + (-2 - 1).
-3
-4 + 7 + (-4 - -3)
2
What is -8 - (-6 - (-5 + -2) - 3)?
-6
What is 6 - ((-6 - -9) + 4)?
-1
What is the value of 2 - ((7 - 1) + -5)?
1
Evaluate (5 - 7) + 0 + 0 - -3.
1
Calculate -1 + (-2 + 2 - -5).
4
Calculate -2 - (7 + -4 - 1).
-4
What is -12 + 15 + (-1 - -1)?
3
Calculate 11 - 4 - (-1 + 2).
6
What is the value of -3 - (3 + -4 + (5 - 4))?
-3
What is -2 + 9 - 1 - 11?
-5
Calculate 2 - -1 - 9 - -14.
8
Evaluate -2 - (-3 - (-4 - 3 - -3)).
-3
2 - (0 - -9 - 3)
-4
What is the value of -3 + ((-4 - -18) + -4 - 2)?
5
What is 4 + -8 + 4 - -6?
6
-10 + 2 - (-12 + 12)
-8
What is (-11 - (-8 + 5)) + 3?
-5
Evaluate -1 - (-3 + -7 + 8).
1
Calculate -5 - 0 - (104 + -105).
-4
What is 3 + -2 - 1 - 5?
-5
Calculate 2 + -13 + 4 + 4 + 0.
-3
What is (4 - -2 - 1) + -1?
4
Calculate -1 + 9 + (-18 - (7 + -7)).
-10
What is the value of (8 - 1) + 36 + -39?
4
Evaluate 2 + -2 - (4 + -3 + 1).
-2
5 + -4 + (1 - -3) + -4
1
Calculate 5 + (-1 + 9 - 10).
3
What is the value of -13 - 1 - (-21 - -10)?
-3
-9 + 2 + -2 + 0 + 7
-2
Calculate 1 + -4 + 6 + -3.
0
Evaluate -13 + 18 - (0 - 0) - 5.
0
What is the value of 4 + (3 + -11 - -1) + -6?
-9
Evaluate -4 + (14 + -2 - (1 - -3)).
4
Calculate -5 + 35 + -32 + 1 + -1.
-2
(3 - 2) + (-4 - -5)
2
Evaluate -31 + 44 - (0 - -19).
-6
Calculate -7 - -16 - (6 + 3).
0
Evaluate 0 - -2 - (6 - 0).
-4
Evaluate 0 + -3 - (0 - (-6 - -2)).
-7
Evaluate -5 + 6 + 0 + -7.
-6
Calculate 0 + -1 + 3 + (1 - 3).
0
What is 4 + (-8 - (-7 - (-4 + 4)))?
3
What is the value of -4 + 8 - -1 - 2?
3
What is the value of 4 - (-1 - 0 - -1 - -4)?
0
Evaluate -8 + (-3 - (-6 - -8)) + 10.
-3
What is the value of -88 - -76 - (0 - 6)?
-6
What is 3 + -1 + -3 - 4?
-5
Calculate -7 - (-16 + 2 - -7) - -1.
1
What is the value of 0 - (2 - -2 - (7 + -4))?
-1
Calculate 2 + 1 + -11 + 3.
-5
What is the value of 50 + -49 + -5 + 2?
-2
Calculate (-7 - -1) + (0 - 1).
-7
Evaluate (2 - (0 + 1)) + (-12 - -12).
1
What is (-17 - -21) + (-6 - 0) + -5?
-7
-3 + 7 + (12 - 13)
3
What is the value of -5 + (-3 - 1) + 0 + 4?
-5
Calculate (0 - -4) + -2 + 2.
4
10 + 0 - (-19 - -24)
5
Evaluate (-4 - -1) + (-3 - -3).
-3
Evaluate -2 + 2 - (7 - (7 - 2)).
-2
Evaluate (1 - 6 - (-3 - -5)) + 2.
-5
What is 8 + -8 + 2 + -1 + 3?
4
What is -1 - -10 - (-65 + 64)?
10
-6 + (-1 - -2) - (-26 - -26)
-5
Calculate (-2 - 1 - -1) + 6.
4
Calculate (-4 - (7 - 0)) + 19.
8
What is the value of (-3 - -5) + 0 + -5 + -2?
-5
Evaluate -71 + 71 - (-1 + -6).
7
Calculate (11 - 3) + -4 + -8 + 3.
-1
Calculate -6 + -2 + (-2 - -4).
-6
What is the value of 3 + (-5 - (1 + 0)) - -2?
-1
Evaluate 3 + (3 + -1 - 2).
3
What is the value of (-6 - (-2 + -2)) + 3?
1
Calculate 2 - 6 - (-2 - -4).
-6
Calculate 0 + 4 + 6 - 8.
2
What is the value of 8 - 0 - (-17 + 21)?
4
Calculate -1 - (-1 + -1 + -2 + 1).
2
Calculate (-2 - -11) + -10 + -3.
-4
What is the value of (0 - (-5 - -7)) + -1?
-3
What is the value of 0 - 0 - (5 + -3 - -1)?
-3
What is (19 - 5 - 6) + -4?
4
What is -3 - ((11 - (6 - 1)) + -12)?
3
What is (6 - 6) + (0 - -3) + -9?
-6
Calculate 10 + (-4 - (3 + 0 + -3)).
6
What is the value of -61 + 56 + (0 - -5 - 0)?
0
What is the value of 7 - 6 - -2 - (-1 - -3)?
1
What is (4 + -2 + -5 - -5) + -1?
1
Evaluate -2 - (-3 - (2 + -1)).
2
Calculate (-6 - -1 - -8) + -11 + 4.
-4
(-1 - -8) + (39 - 43)
3
(-4 - 7) + 4 + 2
-5
(-3 - (4 + 0)) + 15
8
What is -15 + 6 + 6 - -2 - -6?
5
What is the value of -1 + (-5 - -2 - -1 - -2)?
-1
Calculate (105 - 98) + (-1 - 6).
0
Evaluate (-9 - (-7 + 10)) + 20.
8
(-2 - 9) + 23 + -18
-6
What is the value of -76 + 76 - (5 - (-2 + 4))?
-3
Calculate 3 + (8 + -7 - 2).
2
What is the value of -1 - -7 - (54 - 52)?
4
What is -5 + 13 + 1 + -15 + 8?
2
What is 1 + -1 + (-5 - -3 - -5)?
3
(-10 - (-10 + 18)) + 11
-7
1 + (3 - 0) + -7 + 8
5
Evaluate -3 + 0 + 5 + -5.
-3
Calculate -5 + (-8 - (-7 + -6)).
0
Evaluate -11 - (-4 + 11 - 7).
-11
What is 8 - (15 + -4 - 10)?
7
What is the value of 3 - (-2 + 3 - (-4 + -1))?
-3
What is 11 + -2 + -15 + 14?
8
-5 + 5 + (-2 - -6) - 6
-2
(-6 + 0 - (6 - 10)) + 1
-1
-1 + (-7 - -3 - -4 - 1)
-2
What is the value of (-3 + -3 - -6) + -4 + 0?
-4
Evaluate -8 + 1 - (1 + (-9 - -5)).
-4
Evaluate 7 + 0 + (10 - 12).
5
Calculate 6 + (-1 - (0 + 2 - 2)).
5
What is the value of -37 + 44 - (-2 + 2)?
7
Calculate 9 + -4 - (3 + -3 + 8).
-3
0 + (-5 - (4 + -6) - -1)
-2
Calculate 11 + (-11 - -6) - (1 - -2).
3
Evaluate 9 - 3 - (-39 - -51).
-6
What is 6 + (2 - 0 - 3)?
5
Calculate 6 + (2 - ((3 - 1) + 1)).
5
Evaluate -3 + (48 - 38 - (1 + 6)).
0
8 - 7 - (2 + (6 - 3))
-4
Calculate (-6 - 0) + (-9 - (-10 + 0)).
-5
What is (-2 - (1 + -5)) + 5 + -4?
3
Calculate 12 + -13 + (-1 - (2 - 1)).
-3
2 + 2 - (5 + -3 - -5)
-3
What is the value of 3 + -10 - (-16 - -3)?
6
What is the value of (0 - 1) + -14 + 17?
2
Evaluate (3 - 4) + 3 + -1.
1
What is -1 + -4 + 5 - 0?
0
-12 - (0 - (3 + 6))
-3
1 + (-4 - -2) + (-48 - -52)
3
-8 + 1 + (4 - 1) - -3
-1
Evaluate 6 + -2 + (2 - 3).
3
Calculate -3 - (-5 + (8 + -14 - 3)).
11
What is -10 - (-9 + 3) - -3?
-1
What is 5 + -9 + -10 + 17?
3
Evaluate (-2 - (3 - 2)) + 2.
-1
-8 + 7 + -5 - -11 - 5
0
Calculate -2 - (-2 + (3 - -1) + 1).
-5
What is the value of -6 + 12 - (-3 - -8)?
1
-51 - -56 - (-1 + (-1 - -9))
-2
What is 35 + -47 - (-13 - -1)?
0
What is 3 - 2 - 2 - (-50 + 53)?
-4
Evaluate 5 - ((17 - 3) + -7).
-2
1 + (-4 - -4) + -17 + 20
4
What is the value of 4 - (-3 - (-3 + -5 - -1))?
0
Calculate (2 - -3) + -43 + 37.